 greatest common divisor of 45 and w?
9
Suppose -22 = 16*p - 262. Suppose -17*h + 36 = -p. Calculate the highest common divisor of h and 108.
3
Let f = -3401 - -3841. What is the highest common divisor of 715 and f?
55
Let l = -24171 + 26680. Calculate the highest common divisor of l and 193.
193
Let z be (-12584)/(-88) + 3/3. What is the greatest common factor of 2208 and z?
48
Let z be 89 + (-12)/30*5/50*25. Calculate the highest common factor of 38 and z.
2
Let x(t) = 47*t + 5. Let c be x(1). Calculate the greatest common factor of 3406 and c.
26
Suppose -43*k = -271151 - 66183 - 98127. What is the greatest common divisor of k and 38?
19
Let m be 7*(-20)/(-350)*160. What is the greatest common factor of 1024 and m?
64
Let l = -257401 + 257479. Suppose 15 = 3*b, 2*b - 166 = -2*u - 2*u. What is the greatest common factor of l and u?
39
Let l = -590 - -592. Suppose 0 = 3*a + 4*p - 1168, l*a = -2*p + 2 + 776. What is the greatest common divisor of 291 and a?
97
Let b(n) = 391*n**2 + 111*n + 215. Let g be b(-2). What is the highest common factor of g and 1384?
173
Suppose -334*c + 30 = -344*c. Let l be (-246 + -6)/(c + 1). Calculate the greatest common divisor of l and 18.
18
Let q be 2/((-168)/85 + 2). Suppose -22 = 3*h - q. Suppose 14*m - 80*m = 220*m - 2002. What is the greatest common divisor of h and m?
7
Let y(x) be the third derivative of 2*x**5/5 + x**4/24 - 44*x**2. Let v be y(-1). What is the greatest common factor of 253 and v?
23
Suppose 3*q = -5*y + 79 + 66, -3*y = 4*q - 175. What is the greatest common divisor of 370 and q?
10
Suppose 4*k = 3*d + 140, -4*d - 13 - 57 = -2*k. Let w = -35 + k. Let u be (w - 1/2)*(7 - 647). What is the highest common divisor of 40 and u?
40
Suppose -97*c = 2*x - 100*c - 9218, 5*x - 22988 = -2*c. Calculate the greatest common factor of 10 and x.
10
Suppose 13*g - 9*g - 812 = -4*x, g - 218 = 2*x. Suppose -6*w - 128 = -10*w. Calculate the highest common factor of g and w.
16
Let n = 336 - 626. Let k = n - -345. Suppose -2*c + 25 = 3*c. Calculate the highest common factor of k and c.
5
Suppose -22*i - 2328 = -10*i. Let o = i - -401. Calculate the greatest common factor of o and 23.
23
Suppose 3*c = -4*z + 931, -2*c - 1135 = -0*z - 5*z. Suppose -3131 - z = -24*b. What is the highest common factor of 28 and b?
28
Let i(v) be the second derivative of -5*v**3/3 + 17*v**2/2 + 28*v. Let t be i(1). What is the highest common factor of t and 553?
7
Suppose 3*f = 7*f - 3*l - 575, 5*f + 5*l = 710. Let w = 4 + 35. What is the highest common divisor of f and w?
13
Let u be (-3552)/(-14) + -2 + 4/14. Let y(o) = -o**3 + 20*o**2 + 71*o - 10. Let n be y(23). Calculate the greatest common divisor of u and n.
36
Let o be 7 - 6*2/3. Let d be 11 - (3 + -2 + o). What is the greatest common factor of 3 and d?
1
Suppose 38*i - 238*i = -1851800. What is the highest common divisor of 394 and i?
197
Suppose -4*m - 3*h + 1435 = 0, -3*h = -23*m + 18*m + 1733. Suppose 0 = 4*p - 7*p + 96. What is the greatest common factor of p and m?
32
Suppose 1156 = 5*x - x. Suppose -4*m - 15*c + 138 = -16*c, 5*m = c + 172. Calculate the highest common factor of x and m.
17
Suppose 0*v - 4*v = -4*r + 12, 15 = -2*v - r. Let k be (-5 + -10 + 6)*4/v. Suppose -685 + 37 = -k*h. What is the highest common divisor of h and 12?
12
Suppose -4*c - 4*s = -5*c + 48, -6*s = 2*c - 40. Suppose -27 = -m - 0*m. Suppose m*n - c*n + 10 = 0. What is the highest common factor of n and 14?
2
Suppose l + 19 = 137. Let x = 113 - l. Let c be (8/6)/(x + 122/24). Calculate the highest common divisor of c and 1.
1
Let a = 2598 + -1716. Let o be (-4*1/(-14))/(9/a). Suppose -48 = -4*k + 4*b, -44 = -4*k + 2*b + 8. What is the greatest common factor of k and o?
14
Suppose 2*q + 2 = -4*g - 34, q + 27 = g. Let r = q - -29. Suppose r*f - 9 = 2*f. Calculate the highest common divisor of 1 and f.
1
Suppose -7*w + 2 = -5*w. Let c be w*22*54/12. What is the highest common divisor of 66 and c?
33
Let w(r) = -r**3 - 32*r**2 - 3*r + 85. Let l be w(-40). Let u be (-33)/(-77) + l/35. What is the greatest common divisor of u and 62?
62
Suppose 3*y = 2*k + 9745, 53*y - 5*k = 51*y + 6515. What is the greatest common divisor of y and 165?
55
Suppose -5*g = k - 9239 - 5789, 0 = 4*k - 3*g - 60066. Calculate the highest common factor of k and 6.
6
Suppose -n = 4, -d - 17 = 2*n - 1. Let f be (60/(-18))/(0 - d/(-60)). What is the greatest common divisor of f and 2?
1
Let m(g) = -g**2 + 27*g + 60. Let b be m(29). Suppose 3*c + 3*r = -9, 2*r = c - b*r - 22. Calculate the highest common factor of 80 and c.
2
Suppose 65*i - 20886 = -6846. Calculate the greatest common divisor of i and 504.
72
Let g(b) = -4*b**3 + 582*b**2 - 295*b + 817. Let m be g(145). Let q = 511 + -304. What is the greatest common divisor of q and m?
23
Let s(a) = 29*a**2 + 6*a - 40. Let o be s(-3). What is the highest common factor of 551 and o?
29
Let l be -4 - -1 - (27 + -2 + 2). Let w be (-26)/(l/24 + 1). What is the highest common factor of w and 16?
8
Suppose -12*i - 76 = -2*m - 11*i, -202 = -5*m + i. Calculate the highest common factor of m and 2191.
7
Suppose 45*z + 5 = 50*z. Calculate the highest common divisor of z and 6.
1
Let k = 12037 - 2137. What is the highest common divisor of 44 and k?
44
Suppose 19*k - 16*k - 11*k = -46384. What is the highest common divisor of 26 and k?
26
Let u(c) = -c**3 - 12*c**2 + 31*c + 48. Let v be u(-16). Calculate the greatest common factor of v and 720.
144
Suppose 6098 = 5*b - v, -29*b - 3670 = -32*b - v. Calculate the greatest common divisor of 111 and b.
111
Let l be -3 + 198 - (-3 + 6). Let b be (1/(15/l))/((-5)/(-25)). Suppose -3*k + b = 4. Calculate the highest common factor of 180 and k.
20
Let k = -36 - -41. Let q(j) = k - 1 - 10*j - 2. Let l be q(-2). Calculate the highest common divisor of 110 and l.
22
Suppose 5*h + 4*v + 14 = 0, 2*h - 3*v = h + 1. Let x = -1292 - -1289. Let k be ((-3)/x + 1/h)*28. Calculate the greatest common divisor of 14 and k.
14
Let r(a) = -a**3 + 61*a**2 - 8*a - 123. Let w be r(60). What is the greatest common factor of w and 259?
37
Suppose -8*z + 29*w - 32*w = -1421, -2*w + 14 = 0. Calculate the highest common factor of 805 and z.
35
Suppose 0 = -o + b - 8, 5*o + 2*b + 1 = -4. Let y be (o + 2)/(4/(-88)*2). Suppose 3*g = 17 - y. Calculate the highest common factor of g and 2.
2
Suppose -217*q = -262*q + 720. Let k = -6 + 8. Let s be k/(-9) + 1156/18. Calculate the greatest common divisor of q and s.
16
Suppose 0 = 18463*a - 18495*a + 2688. Let o be (-225)/(9/4 - 3). What is the highest common divisor of a and o?
12
Let i(k) = 4*k**3 - k**2 - 6*k - 1. Let t be i(3). Suppose -5*y + 7*y = t. Let b = 130 - y. Calculate the greatest common factor of b and 36.
18
Suppose 0 = 10*v - 15*v + 55. Let y(n) = -n**3 - 13*n**2 - 15*n + 19. Let z be y(-12). What is the greatest common divisor of v and z?
11
Let d = -779 - -208. Let a be d/(5/(30/9))*3. Let t be a/(-8) - ((-147)/28 + 5). What is the greatest common divisor of t and 13?
13
Suppose -47*k + 24*k + 114425 = 0. Calculate the greatest common divisor of k and 199.
199
Let y = 838 - 762. Suppose 0 = -2*q + y + 414. What is the greatest common divisor of 5 and q?
5
Let f be 102486/(-124)*(-8)/3. Calculate the greatest common factor of 8 and f.
4
Let q(w) be the first derivative of -w**3/3 - 9*w**2 + 10*w + 23. Let b be (6 - 1)*3/(-1). Let i be q(b). What is the highest common divisor of i and 11?
11
Suppose 3*p - 1316 = t, -2*p + 1156 = 5*t + 290. What is the greatest common factor of 1 and p?
1
Let f be (-1 - 9)/(1/(-2)*2). Suppose 9*h - f = -1. Let q(i) = -i**3 + 2*i. Let v be q(h). What is the greatest common divisor of 7 and v?
1
Let o be (-43 + 28)*(-6)/(-10). Let k be ((-10)/15)/(21/o - -2). What is the greatest common factor of 4 and k?
2
Let r(j) = 74*j - 3097. Let d be r(75). Calculate the greatest common divisor of 44 and d.
11
Let n be (-4)/10 + 15494/635. Calculate the highest common divisor of n and 426.
6
Suppose 2*s = 5*f, 60*s = -4*f + 64*s + 12. Let j be (f/(-14))/(35/1225). Calculate the highest common divisor of j and 65.
5
Let w(p) = 83*p - 245. Let t be w(23). Calculate the greatest common divisor of 13 and t.
13
Suppose -5*u + 8 = -7, -4*a - u = -59. Suppose 8*d - 84 = 6*d. Calculate the